 -3 = -5*x + 5*l + p, 4*l = x - 1. What is the remainder when a is divided by x?
0
Let p(h) = 9*h + 1. Suppose -a = 4*b - 4, -a - 4*a + 2 = 2*b. What is the remainder when 29 is divided by p(b)?
9
Let k be (1/(-3))/((-1)/6). Let d = 7 - -8. What is the remainder when d is divided by (-6)/(-4) + 5/k?
3
Let z = 51 + -16. Calculate the remainder when z is divided by 18.
17
Let a be 21/28 + 15/(-4). What is the remainder when 43 is divided by 2/(a*(-2)/33)?
10
Let n be 0 + (-1 - 1) + 6. Suppose r + n = -1. Let c(v) = -v**2 - 4*v + 7. Calculate the remainder when 3 is divided by c(r).
1
Suppose -3*p = -4*v - 82, -4*p + 5*v - v = -116. What is the remainder when p is divided by 6?
4
Let v = 24 - 8. Suppose -6*r = -r + 20. Let x = v + r. Calculate the remainder when 34 is divided by x.
10
What is the remainder when 8/(-4)*(-27)/6 is divided by 5?
4
Suppose 0 = 7*g - 2*g - 20. Suppose -g*j + 3*j = 4, h - 3*j = 33. Let p(f) = -f**2 - 9*f - 8. Calculate the remainder when h is divided by p(-7).
3
Let n(i) = 6*i + 7. Let u(f) = 5*f + 6. Let d(c) = -3*n(c) + 4*u(c). What is the remainder when 36 is divided by d(5)?
10
Suppose -27*k - 196 = -29*k. Calculate the remainder when k is divided by 21.
14
Let p(i) = i**3 + 3*i**2 - 2*i - 8. Let q be p(-7). Let h = q + 295. Calculate the remainder when h is divided by 27.
24
What is the remainder when -5*14*4/(-8) is divided by 47/4 + 1/4?
11
Suppose 41 - 14 = m. Suppose -3*b + 5*k + 212 = b, 3*k - 106 = -2*b. What is the remainder when b is divided by m?
26
Let k be 2/10 - (-9)/5. Let s(p) = p**3 - 8*p**2 + 8*p. Calculate the remainder when s(7) is divided by (-7)/(-2) - 1/k.
1
Let f(d) = -2*d**3 - 4*d**2 + 5*d + 2. What is the remainder when f(-4) is divided by 12?
10
Suppose 2*q - 54 = 4*s, -2*q + 3*q - 37 = 4*s. What is the remainder when q is divided by (1/(-2) - 0)*(-10 - 10)?
7
Let u = 61 - 34. What is the remainder when 76 is divided by u?
22
Let z = 109 + 57. What is the remainder when z is divided by 14?
12
Calculate the remainder when 17 is divided by 29/7 + ((-44)/14 - -3).
1
Let k(b) = b + 6. Let d be k(-5). Let p(s) = 64*s**3 + 2*s - 1. Calculate the remainder when p(d) is divided by 22.
21
Let h(q) = 17*q + 5. Let d be h(4). Suppose 0 = -3*m - 1 + d. Let g(j) = 69*j**3 + j. What is the remainder when g(1) is divided by m?
22
Let i(p) = -p**2 - 5*p - 1. Let b be i(-4). Suppose -117 + 0 = -b*v. What is the remainder when v is divided by 10?
9
Suppose 6*z = 2*z + 500. Let b(w) = -w**3 + 8*w**2 + 4*w + 6. Let y be b(8). Suppose 3*k - z = -y. Calculate the remainder when k is divided by 15.
14
Let f = 39 - 26. What is the remainder when 62 is divided by f?
10
Suppose -4*v - v = 3*k - 12, 5*k - 5*v = 20. Suppose -3*c + 3 - 6 = 0. Let f = c + k. What is the remainder when 5 is divided by f?
2
Calculate the remainder when 5 - 3 - (-26 + -1) is divided by 7.
1
Let i(c) be the first derivative of -c**2/2 - 7*c - 2. Calculate the remainder when i(-17) is divided by 7.
3
Let x = -28 - -14. Suppose 3*j - 21 - 12 = 0. What is the remainder when 4/x + (-149)/(-7) is divided by j?
10
Suppose 0 = -9*n + 13*n - 88. What is the remainder when 42 is divided by n?
20
Suppose 33 = -0*n + 3*n. Suppose -9 = -2*x + n. Calculate the remainder when 39 is divided by x.
9
Let a = -10 - -6. Suppose 2 = -4*v + z - 3, 0 = 4*v + 2*z + 14. Let m = v - a. Calculate the remainder when 3 is divided by m.
1
Let y(p) = 45*p. What is the remainder when y(2) is divided by 31?
28
Let v(u) be the first derivative of u**5/40 - u**4/8 + u**3/3 - 1. Let y(x) be the third derivative of v(x). What is the remainder when y(6) is divided by 8?
7
Suppose p - 4*p = -30. Suppose q = -3*y + 5, -3*q = 2*y - 16 + 1. Suppose q*g - 18 = 2*g. What is the remainder when p is divided by g?
4
Let z(t) = t**3 + t**2. Let g be z(0). Let k(i) = i**2 + 2*i + 32. What is the remainder when k(g) is divided by 11?
10
Suppose s - 4*l - 3 = 19, 3 = 4*s + l. What is the remainder when 5 is divided by s?
1
Let c(b) = -7*b - 17. What is the remainder when c(-13) is divided by 11?
8
Let i(k) = k + 9. Let y be i(-5). Suppose -4*v + y + 28 = 0. Suppose -4*n - v = 0, 0*n + 6 = 2*c - n. Calculate the remainder when 7 is divided by c.
1
Suppose -14 = -6*m + 4*m. What is the remainder when 18 is divided by m?
4
Suppose 2*d = 5*n - 48, 5*d - 11 - 44 = -5*n. Suppose s + 19 = 2*k, n = 4*s - 2. Calculate the remainder when 31*1*(-1 + 2) is divided by k.
9
Suppose 3*v = -4*y + 92, v - 2*y + 32 = 2*v. What is the remainder when 111 is divided by v?
27
Let m be 6/(-3 - 0) - -3. Suppose -k - 18 = -56. Calculate the remainder when k is divided by (m + (17 - -2))/2.
8
Calculate the remainder when -4 - 2*(-134)/4 is divided by 8.
7
Suppose 4*d + 29 = 5*z - 0*z, 4*d + 2*z = -50. Suppose -2*g + 7*g + 105 = 0. Let j = d - g. What is the remainder when 37 is divided by j?
7
Let p = 1 - 1. Suppose 5*d + 25 = p, q - 4*d = 16 + 11. What is the remainder when q is divided by 4?
3
Suppose 4*u - 216 = 3*u. Calculate the remainder when 107 is divided by ((-1)/2)/((-4)/u).
26
Suppose 9*c = 4*c + 160. Calculate the remainder when c is divided by 17.
15
Let i(n) = n**2 - n. What is the remainder when i(6) is divided by 2/(-4 + 3)*-4?
6
Let h = 68 + -53. Suppose -2*a + 4 = -4. Suppose o - h = -a*o. Calculate the remainder when o is divided by 1.
0
Let k(p) = -p + 3. Let j be k(6). Calculate the remainder when 24 is divided by (-2)/(-3) - 37/j.
11
Suppose -2*j + 2 + 30 = 0. Calculate the remainder when 127 is divided by j.
15
Calculate the remainder when (-301)/(-5) - (7 + (-238)/35) is divided by 21.
18
Let c = -6 + 25. Suppose 0 = -p + 4*i + 27, -5*i - 18 = -0*p + p. What is the remainder when c is divided by p?
5
Let j be ((-3)/3)/((-2)/110). Let p = -32 + j. Calculate the remainder when p is divided by 12.
11
Let m = 42 + -7. Suppose 2*t + 5 = 3. Calculate the remainder when m is divided by -1 + (14 + t)*1.
11
Suppose -3*g = -g - 54. What is the remainder when g is divided by 10?
7
Let z(h) = h + 4. Let o be z(5). Suppose 11 = 5*l - o, v = 4*l - 12. Let m = 26 + v. Calculate the remainder when m is divided by 16.
14
Suppose 33 = 3*o - 3*i, 0*o - 4*o - 5*i + 44 = 0. Calculate the remainder when 118 is divided by o.
8
Suppose -8*l + 90 = -3*l. Calculate the remainder when 31 is divided by l.
13
Let r be (-2 - 6*1)/(-2). Suppose 0 = 3*z - r*j - 46, 5*j = -5*z + 2*j + 38. What is the remainder when 22 is divided by z - (1*-2 - 0)?
10
Calculate the remainder when (3/6)/((-1)/(-110)) is divided by 14.
13
Let l(b) = 12*b**2 + b. Let p(c) = -c**2 - c + 1. Let w be p(-1). Calculate the remainder when l(w) is divided by 4.
1
Let s be 1*(-2 - 2)/(-2). Let r be (-1)/(2/(-12)*s). Suppose r*d = 5*i + 117, -d - 3*d = -5*i - 156. What is the remainder when d is divided by 10?
9
Suppose 3*j + 21 = 4*j. Suppose 0 = 2*s - 8 - 6. Suppose -3*v + 95 = 2*q, q - j = 5*v + s. Calculate the remainder when q is divided by 15.
13
Let o(p) = -3*p - 2. Let b be o(4). Let s = 22 + b. Calculate the remainder when s is divided by 5.
3
Let f = 14 - 12. Calculate the remainder when f is divided by 2.
0
Calculate the remainder when 37 is divided by (-3)/((-295)/70 - -4).
9
Let y be 0/((-3 - -2) + 2). Suppose y = 4*r - 2*r. Suppose 0*l + 175 = 5*l + j, r = -3*l + 5*j + 77. What is the remainder when l is divided by 18?
16
Suppose y = -2*n + 125, -y + 218 = y - 4*n. Let a(j) = 9*j**2 + 2*j - 2. Calculate the remainder when y is divided by a(-2).
27
Suppose -15*u + 111 = -69. Calculate the remainder when 44 is divided by u.
8
Calculate the remainder when 81 is divided by (-7)/((-28)/48 + (-1)/(-4)).
18
Suppose 4*i = 13 + 55. Calculate the remainder when 66 is divided by i.
15
Let w = -2 + 1. Let b be 1*((w - -5) + -2). Suppose -3*j + 4 = n, 3*j = -2*j - b*n + 5. Calculate the remainder when j is divided by 2.
1
Let p be (-4)/(-2*1) + 1. Suppose -6*k + 30 = -p*k. Suppose 2*b = -b + 54. What is the remainder when b is divided by k?
8
Let f = -4 - -10. What is the remainder when 29 is divided by f?
5
Suppose 3*b - 52 = -4*r, -4*b + 2*r = -2*r - 88. Let w be 568/b - 2/5. Let g = w + -20. What is the remainder when g is divided by 3?
2
Suppose -4*t + 2 = -2. Let y(r) = r**3 + r. Let g be y(t). Suppose -p = l - 15, -4*p + g*p - 4*l = -38. Wh